{"id":2,"date":"2010-03-23T01:49:00","date_gmt":"2010-03-22T23:49:00","guid":{"rendered":"http:\/\/www.kristimedia.fi\/?page_id=2"},"modified":"2022-03-14T22:13:37","modified_gmt":"2022-03-14T20:13:37","slug":"about","status":"publish","type":"page","link":"http:\/\/www.kristimedia.fi\/?page_id=2","title":{"rendered":"Tietoja"},"content":{"rendered":"<p><strong>KRISTIMEDIA.fi<\/strong><br \/>\n<em>Luterilainen verkkotoimitus<\/em><\/p>\n<hr \/>\n<p><strong>Vastaava toimittaja:<\/strong> Jouni Mensalo. S\u00e4hk\u00f6posti: etunimi.sukunimi@kristimedia.fi.<br \/>\n<small><br \/>\n<em>Webmaster:<br \/>\n<\/em>Laita s\u00e4hk\u00f6postin vastaanottajaksi \u2019info2\u2019.<em><br \/>\nvastaanottajat\u00e4h\u00e4n@<\/em>melodata.fi.<br \/>\n<\/small><br \/>\nCopyright \u00a9 2010-2022 <a href=\"https:\/\/www.melodata.com\/\" target=\"_blank\" rel=\"noopener\">Melodata Productions<\/a> , Finland.<\/p>\n<p><small>&#8221;Sinun sanasi on minun jalkaini lamppu ja valkeus minun tiell\u00e4ni.&#8221; <em>Ps. 119:105<\/em><\/small><\/p>\n<p><img loading=\"lazy\" decoding=\"async\" class=\"aligncenter wp-image-469 size-full\" src=\"http:\/\/www.kristimedia.fi\/wp-content\/uploads\/2018\/10\/kristimedialogo.jpg\" alt=\"www.kristimedia.fi\" width=\"333\" height=\"250\" srcset=\"http:\/\/www.kristimedia.fi\/wp-content\/uploads\/2018\/10\/kristimedialogo.jpg 333w, http:\/\/www.kristimedia.fi\/wp-content\/uploads\/2018\/10\/kristimedialogo-300x225.jpg 300w\" sizes=\"auto, (max-width: 333px) 100vw, 333px\" \/><\/p>\n","protected":false},"excerpt":{"rendered":"<p>KRISTIMEDIA.fi Luterilainen verkkotoimitus Vastaava toimittaja: Jouni Mensalo. S\u00e4hk\u00f6posti: etunimi.sukunimi@kristimedia.fi. Webmaster: Laita s\u00e4hk\u00f6postin vastaanottajaksi \u2019info2\u2019. vastaanottajat\u00e4h\u00e4n@melodata.fi. Copyright \u00a9 2010-2022 Melodata Productions , Finland. &#8221;Sinun sanasi on minun jalkaini lamppu ja valkeus minun tiell\u00e4ni.&#8221; Ps. 119:105<\/p>\n","protected":false},"author":3,"featured_media":0,"parent":0,"menu_order":0,"comment_status":"closed","ping_status":"closed","template":"","meta":{"footnotes":""},"class_list":["post-2","page","type-page","status-publish","hentry"],"_links":{"self":[{"href":"http:\/\/www.kristimedia.fi\/index.php?rest_route=\/wp\/v2\/pages\/2","targetHints":{"allow":["GET"]}}],"collection":[{"href":"http:\/\/www.kristimedia.fi\/index.php?rest_route=\/wp\/v2\/pages"}],"about":[{"href":"http:\/\/www.kristimedia.fi\/index.php?rest_route=\/wp\/v2\/types\/page"}],"author":[{"embeddable":true,"href":"http:\/\/www.kristimedia.fi\/index.php?rest_route=\/wp\/v2\/users\/3"}],"replies":[{"embeddable":true,"href":"http:\/\/www.kristimedia.fi\/index.php?rest_route=%2Fwp%2Fv2%2Fcomments&post=2"}],"version-history":[{"count":46,"href":"http:\/\/www.kristimedia.fi\/index.php?rest_route=\/wp\/v2\/pages\/2\/revisions"}],"predecessor-version":[{"id":953,"href":"http:\/\/www.kristimedia.fi\/index.php?rest_route=\/wp\/v2\/pages\/2\/revisions\/953"}],"wp:attachment":[{"href":"http:\/\/www.kristimedia.fi\/index.php?rest_route=%2Fwp%2Fv2%2Fmedia&parent=2"}],"curies":[{"name":"wp","href":"https:\/\/api.w.org\/{rel}","templated":true}]}}