{"id":799,"date":"2019-11-15T01:34:53","date_gmt":"2019-11-14T23:34:53","guid":{"rendered":"http:\/\/www.kristimedia.fi\/?page_id=799"},"modified":"2019-11-15T03:55:30","modified_gmt":"2019-11-15T01:55:30","slug":"tietosuojaseloste-2","status":"publish","type":"page","link":"http:\/\/www.kristimedia.fi\/?page_id=799","title":{"rendered":"Tietosuojaseloste"},"content":{"rendered":"\n<h2 class=\"wp-block-heading\">Keit\u00e4 olemme<\/h2>\n\n\n\n<p>Verkkosivustomme osoite on: http:\/\/www.kristimedia.fi.<\/p>\n\n\n\n<p>Julkaisija <em>Melodata Productions, Finland.<\/em><\/p>\n\n\n\n<h2 class=\"wp-block-heading\">Mit\u00e4 henkil\u00f6tietoa ker\u00e4\u00e4mme ja miksi<\/h2>\n\n\n\n<h3 class=\"wp-block-heading\">Ev\u00e4steet<\/h3>\n\n\n\n<p>L\u00e4ht\u00f6kohtaisesti t\u00e4m\u00e4 sivusto ei tallenna henkil\u00f6tietoja eik\u00e4 k\u00e4yt\u00e4 ev\u00e4steit\u00e4.<\/p>\n\n\n\n<h3 class=\"wp-block-heading\">Muilta sivustoilta upotettu sis\u00e4lt\u00f6<\/h3>\n\n\n\n<p>T\u00e4m\u00e4n sivuston artikkelit voivat sis\u00e4lt\u00e4\u00e4 upotettua sis\u00e4lt\u00f6\u00e4 (esimerkiksi videoita, kuvia, artikkeleita jne.). Toisilta sivustoilta tuodun upotetun sis\u00e4ll\u00f6n avaaminen on verrattavissa siihen, ett\u00e4 vierailija itse k\u00e4visi kolmannen osapuolen sivustolla.<\/p>\n\n\n\n<p>N\u00e4m\u00e4 sivustot voivat ker\u00e4t\u00e4 tietoa sinusta, k\u00e4ytt\u00e4\u00e4 ev\u00e4steit\u00e4, upottaa kolmannen osapuolen seurantaev\u00e4steit\u00e4 ja monitoroida vuorovaikutustasi upotetun sis\u00e4ll\u00f6n kanssa, mukaan lukien vuorovaikutuksen seuranta jos ja kun olet kirjautunut k\u00e4ytt\u00e4j\u00e4n\u00e4 sivustolle.<br>   N\u00e4iden sivustojen yksityisyyden suojasta ja ev\u00e4steiden toiminnasta saa lis\u00e4tietoja kunkin palvelun tietosuojalausekkeista. <\/p>\n\n\n\n<h2 class=\"wp-block-heading\">Julkaisijan yhteystiedot<\/h2>\n\n\n\n<p> Melodata Tuotannot<br> Ohjastajankuja 2<br> 32200 LOIMAA<br> Y-tunnus 2099793-6<br> Alv.rek.<br> Kotipaikka: Loimaa. <\/p>\n\n\n\n<p> <strong>Webmaster<\/strong><br> (kirjoita vastaanottajan kohdalle \u2019info2\u2019):<br> <em><strong>vastaanottajat\u00e4h\u00e4n@melodata.fi<\/strong><\/em> <\/p>\n","protected":false},"excerpt":{"rendered":"<p>Keit\u00e4 olemme Verkkosivustomme osoite on: http:\/\/www.kristimedia.fi. Julkaisija Melodata Productions, Finland. Mit\u00e4 henkil\u00f6tietoa ker\u00e4\u00e4mme ja miksi Ev\u00e4steet L\u00e4ht\u00f6kohtaisesti t\u00e4m\u00e4 sivusto ei tallenna henkil\u00f6tietoja eik\u00e4 k\u00e4yt\u00e4 ev\u00e4steit\u00e4. Muilta sivustoilta upotettu sis\u00e4lt\u00f6 T\u00e4m\u00e4n sivuston artikkelit voivat sis\u00e4lt\u00e4\u00e4 upotettua sis\u00e4lt\u00f6\u00e4 (esimerkiksi videoita, kuvia, artikkeleita &hellip; <a href=\"http:\/\/www.kristimedia.fi\/?page_id=799\">Lue loppuun <span class=\"meta-nav\">&rarr;<\/span><\/a><\/p>\n","protected":false},"author":3,"featured_media":0,"parent":0,"menu_order":0,"comment_status":"closed","ping_status":"closed","template":"","meta":{"footnotes":""},"class_list":["post-799","page","type-page","status-publish","hentry"],"_links":{"self":[{"href":"http:\/\/www.kristimedia.fi\/index.php?rest_route=\/wp\/v2\/pages\/799","targetHints":{"allow":["GET"]}}],"collection":[{"href":"http:\/\/www.kristimedia.fi\/index.php?rest_route=\/wp\/v2\/pages"}],"about":[{"href":"http:\/\/www.kristimedia.fi\/index.php?rest_route=\/wp\/v2\/types\/page"}],"author":[{"embeddable":true,"href":"http:\/\/www.kristimedia.fi\/index.php?rest_route=\/wp\/v2\/users\/3"}],"replies":[{"embeddable":true,"href":"http:\/\/www.kristimedia.fi\/index.php?rest_route=%2Fwp%2Fv2%2Fcomments&post=799"}],"version-history":[{"count":3,"href":"http:\/\/www.kristimedia.fi\/index.php?rest_route=\/wp\/v2\/pages\/799\/revisions"}],"predecessor-version":[{"id":805,"href":"http:\/\/www.kristimedia.fi\/index.php?rest_route=\/wp\/v2\/pages\/799\/revisions\/805"}],"wp:attachment":[{"href":"http:\/\/www.kristimedia.fi\/index.php?rest_route=%2Fwp%2Fv2%2Fmedia&parent=799"}],"curies":[{"name":"wp","href":"https:\/\/api.w.org\/{rel}","templated":true}]}}